{"id":15,"date":"2024-04-02T15:36:18","date_gmt":"2024-04-02T13:36:18","guid":{"rendered":"http:\/\/avdavocat.com\/?page_id=15"},"modified":"2026-03-29T15:09:48","modified_gmt":"2026-03-29T13:09:48","slug":"contentieux","status":"publish","type":"page","link":"https:\/\/avdavocat.com\/index.php\/contentieux\/","title":{"rendered":"Contentieux"},"content":{"rendered":"\n<ul class=\"wp-block-list\">\n<li><strong>Repr\u00e9sentation devant les juridictions des deux ordres<\/strong> (judiciaire et administratif).<\/li>\n\n\n\n<li><strong>Intervention au soutien de vos int\u00e9r\u00eats en cas de litige. Accompagnement dans le cadre des modes amiables de r\u00e9solution des litiges<\/strong> (n\u00e9gociations, transactions, conciliation\u2026).<\/li>\n<\/ul>\n\n\n\n<p><\/p>\n","protected":false},"excerpt":{"rendered":"","protected":false},"author":1,"featured_media":111,"parent":0,"menu_order":0,"comment_status":"closed","ping_status":"closed","template":"","meta":{"footnotes":""},"class_list":["post-15","page","type-page","status-publish","has-post-thumbnail","hentry"],"_links":{"self":[{"href":"https:\/\/avdavocat.com\/index.php\/wp-json\/wp\/v2\/pages\/15","targetHints":{"allow":["GET"]}}],"collection":[{"href":"https:\/\/avdavocat.com\/index.php\/wp-json\/wp\/v2\/pages"}],"about":[{"href":"https:\/\/avdavocat.com\/index.php\/wp-json\/wp\/v2\/types\/page"}],"author":[{"embeddable":true,"href":"https:\/\/avdavocat.com\/index.php\/wp-json\/wp\/v2\/users\/1"}],"replies":[{"embeddable":true,"href":"https:\/\/avdavocat.com\/index.php\/wp-json\/wp\/v2\/comments?post=15"}],"version-history":[{"count":2,"href":"https:\/\/avdavocat.com\/index.php\/wp-json\/wp\/v2\/pages\/15\/revisions"}],"predecessor-version":[{"id":91,"href":"https:\/\/avdavocat.com\/index.php\/wp-json\/wp\/v2\/pages\/15\/revisions\/91"}],"wp:featuredmedia":[{"embeddable":true,"href":"https:\/\/avdavocat.com\/index.php\/wp-json\/wp\/v2\/media\/111"}],"wp:attachment":[{"href":"https:\/\/avdavocat.com\/index.php\/wp-json\/wp\/v2\/media?parent=15"}],"curies":[{"name":"wp","href":"https:\/\/api.w.org\/{rel}","templated":true}]}}